{"id":13388,"date":"2025-10-24T10:36:48","date_gmt":"2025-10-24T10:36:48","guid":{"rendered":"https:\/\/www.teixidors.com\/product\/set-viaje-nomad-chal-artesanal-lana-merina-abanico-artesanal\/"},"modified":"2025-11-06T16:22:21","modified_gmt":"2025-11-06T16:22:21","slug":"set-viatge-nomada-xal-artesanal-llana-merina-abanico-artesanal","status":"publish","type":"product","link":"https:\/\/www.teixidors.com\/ca\/producte\/set-viatge-nomada-xal-artesanal-llana-merina-abanico-artesanal\/","title":{"rendered":"Set Viatge N\u00f2mada"},"content":{"rendered":"","protected":false},"excerpt":{"rendered":"","protected":false},"featured_media":13173,"template":"","meta":[],"product_cat":[],"product_tag":[],"class_list":["post-13388","product","type-product","status-publish","has-post-thumbnail","hentry","pa_colour-turquesa-ca","pa_colour-coure","pa_colour-rosa"],"acf":[],"yoast_head":"<!-- This site is optimized with the Yoast SEO plugin v27.4 - https:\/\/yoast.com\/product\/yoast-seo-wordpress\/ -->\n<title>Set Viatge N\u00f2mada Xal de disseny baby iac i ventall segell AFE - Teixidors<\/title>\n<meta name=\"description\" content=\"El Set Viatge N\u00f2mada de Teixidors inclou un xal artesanal de llana merina i baby iac un ventall artesanal de R\u00e0fega amb segell d\u2019Abanico Espa\u00f1ol Artesano. Eleg\u00e0ncia i funcionalitat en un pack atemporal.\" \/>\n<meta name=\"robots\" content=\"index, follow, max-snippet:-1, max-image-preview:large, max-video-preview:-1\" \/>\n<link rel=\"canonical\" href=\"https:\/\/www.teixidors.com\/ca\/producte\/set-viatge-nomada-xal-artesanal-llana-merina-abanico-artesanal\/\" \/>\n<meta property=\"og:locale\" content=\"ca_ES\" \/>\n<meta property=\"og:type\" content=\"article\" \/>\n<meta property=\"og:title\" content=\"Set Viatge N\u00f2mada Xal de disseny baby iac i ventall segell AFE - Teixidors\" \/>\n<meta property=\"og:description\" content=\"El Set Viatge N\u00f2mada de Teixidors inclou un xal artesanal de llana merina i baby iac un ventall artesanal de R\u00e0fega amb segell d\u2019Abanico Espa\u00f1ol Artesano. Eleg\u00e0ncia i funcionalitat en un pack atemporal.\" \/>\n<meta property=\"og:url\" content=\"https:\/\/www.teixidors.com\/ca\/producte\/set-viatge-nomada-xal-artesanal-llana-merina-abanico-artesanal\/\" \/>\n<meta property=\"og:site_name\" content=\"Teixidors\" \/>\n<meta property=\"article:publisher\" content=\"http:\/\/www.facebook.com\/pages\/Teixidors\/195936563785628\" \/>\n<meta property=\"article:modified_time\" content=\"2025-11-06T16:22:21+00:00\" \/>\n<meta property=\"og:image\" content=\"https:\/\/www.teixidors.com\/wp-content\/uploads\/2025\/10\/Set-Nomade-Chal-artesanal-Teixidors-y-abanico-madera-Rafega.webp\" \/>\n\t<meta property=\"og:image:width\" content=\"1181\" \/>\n\t<meta property=\"og:image:height\" content=\"1772\" \/>\n\t<meta property=\"og:image:type\" content=\"image\/webp\" \/>\n<script type=\"application\/ld+json\" class=\"yoast-schema-graph\">{\"@context\":\"https:\\\/\\\/schema.org\",\"@graph\":[{\"@type\":[\"WebPage\",\"ItemPage\"],\"@id\":\"https:\\\/\\\/www.teixidors.com\\\/ca\\\/producte\\\/set-viatge-nomada-xal-artesanal-llana-merina-abanico-artesanal\\\/\",\"url\":\"https:\\\/\\\/www.teixidors.com\\\/ca\\\/producte\\\/set-viatge-nomada-xal-artesanal-llana-merina-abanico-artesanal\\\/\",\"name\":\"Set Viatge N\u00f2mada Xal de disseny baby iac i ventall segell AFE - Teixidors\",\"isPartOf\":{\"@id\":\"https:\\\/\\\/www.teixidors.com\\\/ca\\\/#website\"},\"primaryImageOfPage\":{\"@id\":\"https:\\\/\\\/www.teixidors.com\\\/ca\\\/producte\\\/set-viatge-nomada-xal-artesanal-llana-merina-abanico-artesanal\\\/#primaryimage\"},\"image\":{\"@id\":\"https:\\\/\\\/www.teixidors.com\\\/ca\\\/producte\\\/set-viatge-nomada-xal-artesanal-llana-merina-abanico-artesanal\\\/#primaryimage\"},\"thumbnailUrl\":\"https:\\\/\\\/www.teixidors.com\\\/wp-content\\\/uploads\\\/2025\\\/10\\\/Set-Nomade-Chal-artesanal-Teixidors-y-abanico-madera-Rafega.webp\",\"datePublished\":\"2025-10-24T10:36:48+00:00\",\"dateModified\":\"2025-11-06T16:22:21+00:00\",\"description\":\"El Set Viatge N\u00f2mada de Teixidors inclou un xal artesanal de llana merina i baby iac un ventall artesanal de R\u00e0fega amb segell d\u2019Abanico Espa\u00f1ol Artesano. Eleg\u00e0ncia i funcionalitat en un pack atemporal.\",\"breadcrumb\":{\"@id\":\"https:\\\/\\\/www.teixidors.com\\\/ca\\\/producte\\\/set-viatge-nomada-xal-artesanal-llana-merina-abanico-artesanal\\\/#breadcrumb\"},\"inLanguage\":\"ca\",\"potentialAction\":[{\"@type\":\"ReadAction\",\"target\":[\"https:\\\/\\\/www.teixidors.com\\\/ca\\\/producte\\\/set-viatge-nomada-xal-artesanal-llana-merina-abanico-artesanal\\\/\"]}]},{\"@type\":\"ImageObject\",\"inLanguage\":\"ca\",\"@id\":\"https:\\\/\\\/www.teixidors.com\\\/ca\\\/producte\\\/set-viatge-nomada-xal-artesanal-llana-merina-abanico-artesanal\\\/#primaryimage\",\"url\":\"https:\\\/\\\/www.teixidors.com\\\/wp-content\\\/uploads\\\/2025\\\/10\\\/Set-Nomade-Chal-artesanal-Teixidors-y-abanico-madera-Rafega.webp\",\"contentUrl\":\"https:\\\/\\\/www.teixidors.com\\\/wp-content\\\/uploads\\\/2025\\\/10\\\/Set-Nomade-Chal-artesanal-Teixidors-y-abanico-madera-Rafega.webp\",\"width\":1181,\"height\":1772,\"caption\":\"Set Nomade Chal artesanal Teixidors y abanico madera Rafega\"},{\"@type\":\"BreadcrumbList\",\"@id\":\"https:\\\/\\\/www.teixidors.com\\\/ca\\\/producte\\\/set-viatge-nomada-xal-artesanal-llana-merina-abanico-artesanal\\\/#breadcrumb\",\"itemListElement\":[{\"@type\":\"ListItem\",\"position\":1,\"name\":\"Home\",\"item\":\"https:\\\/\\\/www.teixidors.com\\\/ca\\\/\"},{\"@type\":\"ListItem\",\"position\":2,\"name\":\"Botiga\",\"item\":\"https:\\\/\\\/www.teixidors.com\\\/tienda\\\/?lang=ca\"},{\"@type\":\"ListItem\",\"position\":3,\"name\":\"Set Viatge N\u00f2mada\"}]},{\"@type\":\"WebSite\",\"@id\":\"https:\\\/\\\/www.teixidors.com\\\/ca\\\/#website\",\"url\":\"https:\\\/\\\/www.teixidors.com\\\/ca\\\/\",\"name\":\"Teixidors\",\"description\":\"Craftmanship fabrics since 1983 | Taller alta artesan\u00eda desde 1983\",\"publisher\":{\"@id\":\"https:\\\/\\\/www.teixidors.com\\\/ca\\\/#organization\"},\"alternateName\":\"Teixidors craftmanship fabrics since 1983\",\"potentialAction\":[{\"@type\":\"SearchAction\",\"target\":{\"@type\":\"EntryPoint\",\"urlTemplate\":\"https:\\\/\\\/www.teixidors.com\\\/ca\\\/?s={search_term_string}\"},\"query-input\":{\"@type\":\"PropertyValueSpecification\",\"valueRequired\":true,\"valueName\":\"search_term_string\"}}],\"inLanguage\":\"ca\"},{\"@type\":\"Organization\",\"@id\":\"https:\\\/\\\/www.teixidors.com\\\/ca\\\/#organization\",\"name\":\"Teixidors\",\"url\":\"https:\\\/\\\/www.teixidors.com\\\/ca\\\/\",\"logo\":{\"@type\":\"ImageObject\",\"inLanguage\":\"ca\",\"@id\":\"https:\\\/\\\/www.teixidors.com\\\/ca\\\/#\\\/schema\\\/logo\\\/image\\\/\",\"url\":\"https:\\\/\\\/www.teixidors.com\\\/wp-content\\\/uploads\\\/2021\\\/08\\\/logo-mobile.svg\",\"contentUrl\":\"https:\\\/\\\/www.teixidors.com\\\/wp-content\\\/uploads\\\/2021\\\/08\\\/logo-mobile.svg\",\"width\":60,\"height\":84,\"caption\":\"Teixidors\"},\"image\":{\"@id\":\"https:\\\/\\\/www.teixidors.com\\\/ca\\\/#\\\/schema\\\/logo\\\/image\\\/\"},\"sameAs\":[\"http:\\\/\\\/www.facebook.com\\\/pages\\\/Teixidors\\\/195936563785628\",\"https:\\\/\\\/x.com\\\/teixidors\",\"http:\\\/\\\/www.pinterest.com\\\/teixidors\\\/\",\"https:\\\/\\\/www.instagram.com\\\/teixidors\\\/\"]}]}<\/script>\n<!-- \/ Yoast SEO plugin. -->","yoast_head_json":{"title":"Set Viatge N\u00f2mada Xal de disseny baby iac i ventall segell AFE - Teixidors","description":"El Set Viatge N\u00f2mada de Teixidors inclou un xal artesanal de llana merina i baby iac un ventall artesanal de R\u00e0fega amb segell d\u2019Abanico Espa\u00f1ol Artesano. Eleg\u00e0ncia i funcionalitat en un pack atemporal.","robots":{"index":"index","follow":"follow","max-snippet":"max-snippet:-1","max-image-preview":"max-image-preview:large","max-video-preview":"max-video-preview:-1"},"canonical":"https:\/\/www.teixidors.com\/ca\/producte\/set-viatge-nomada-xal-artesanal-llana-merina-abanico-artesanal\/","og_locale":"ca_ES","og_type":"article","og_title":"Set Viatge N\u00f2mada Xal de disseny baby iac i ventall segell AFE - Teixidors","og_description":"El Set Viatge N\u00f2mada de Teixidors inclou un xal artesanal de llana merina i baby iac un ventall artesanal de R\u00e0fega amb segell d\u2019Abanico Espa\u00f1ol Artesano. Eleg\u00e0ncia i funcionalitat en un pack atemporal.","og_url":"https:\/\/www.teixidors.com\/ca\/producte\/set-viatge-nomada-xal-artesanal-llana-merina-abanico-artesanal\/","og_site_name":"Teixidors","article_publisher":"http:\/\/www.facebook.com\/pages\/Teixidors\/195936563785628","article_modified_time":"2025-11-06T16:22:21+00:00","og_image":[{"width":1181,"height":1772,"url":"https:\/\/www.teixidors.com\/wp-content\/uploads\/2025\/10\/Set-Nomade-Chal-artesanal-Teixidors-y-abanico-madera-Rafega.webp","type":"image\/webp"}],"schema":{"@context":"https:\/\/schema.org","@graph":[{"@type":["WebPage","ItemPage"],"@id":"https:\/\/www.teixidors.com\/ca\/producte\/set-viatge-nomada-xal-artesanal-llana-merina-abanico-artesanal\/","url":"https:\/\/www.teixidors.com\/ca\/producte\/set-viatge-nomada-xal-artesanal-llana-merina-abanico-artesanal\/","name":"Set Viatge N\u00f2mada Xal de disseny baby iac i ventall segell AFE - Teixidors","isPartOf":{"@id":"https:\/\/www.teixidors.com\/ca\/#website"},"primaryImageOfPage":{"@id":"https:\/\/www.teixidors.com\/ca\/producte\/set-viatge-nomada-xal-artesanal-llana-merina-abanico-artesanal\/#primaryimage"},"image":{"@id":"https:\/\/www.teixidors.com\/ca\/producte\/set-viatge-nomada-xal-artesanal-llana-merina-abanico-artesanal\/#primaryimage"},"thumbnailUrl":"https:\/\/www.teixidors.com\/wp-content\/uploads\/2025\/10\/Set-Nomade-Chal-artesanal-Teixidors-y-abanico-madera-Rafega.webp","datePublished":"2025-10-24T10:36:48+00:00","dateModified":"2025-11-06T16:22:21+00:00","description":"El Set Viatge N\u00f2mada de Teixidors inclou un xal artesanal de llana merina i baby iac un ventall artesanal de R\u00e0fega amb segell d\u2019Abanico Espa\u00f1ol Artesano. Eleg\u00e0ncia i funcionalitat en un pack atemporal.","breadcrumb":{"@id":"https:\/\/www.teixidors.com\/ca\/producte\/set-viatge-nomada-xal-artesanal-llana-merina-abanico-artesanal\/#breadcrumb"},"inLanguage":"ca","potentialAction":[{"@type":"ReadAction","target":["https:\/\/www.teixidors.com\/ca\/producte\/set-viatge-nomada-xal-artesanal-llana-merina-abanico-artesanal\/"]}]},{"@type":"ImageObject","inLanguage":"ca","@id":"https:\/\/www.teixidors.com\/ca\/producte\/set-viatge-nomada-xal-artesanal-llana-merina-abanico-artesanal\/#primaryimage","url":"https:\/\/www.teixidors.com\/wp-content\/uploads\/2025\/10\/Set-Nomade-Chal-artesanal-Teixidors-y-abanico-madera-Rafega.webp","contentUrl":"https:\/\/www.teixidors.com\/wp-content\/uploads\/2025\/10\/Set-Nomade-Chal-artesanal-Teixidors-y-abanico-madera-Rafega.webp","width":1181,"height":1772,"caption":"Set Nomade Chal artesanal Teixidors y abanico madera Rafega"},{"@type":"BreadcrumbList","@id":"https:\/\/www.teixidors.com\/ca\/producte\/set-viatge-nomada-xal-artesanal-llana-merina-abanico-artesanal\/#breadcrumb","itemListElement":[{"@type":"ListItem","position":1,"name":"Home","item":"https:\/\/www.teixidors.com\/ca\/"},{"@type":"ListItem","position":2,"name":"Botiga","item":"https:\/\/www.teixidors.com\/tienda\/?lang=ca"},{"@type":"ListItem","position":3,"name":"Set Viatge N\u00f2mada"}]},{"@type":"WebSite","@id":"https:\/\/www.teixidors.com\/ca\/#website","url":"https:\/\/www.teixidors.com\/ca\/","name":"Teixidors","description":"Craftmanship fabrics since 1983 | Taller alta artesan\u00eda desde 1983","publisher":{"@id":"https:\/\/www.teixidors.com\/ca\/#organization"},"alternateName":"Teixidors craftmanship fabrics since 1983","potentialAction":[{"@type":"SearchAction","target":{"@type":"EntryPoint","urlTemplate":"https:\/\/www.teixidors.com\/ca\/?s={search_term_string}"},"query-input":{"@type":"PropertyValueSpecification","valueRequired":true,"valueName":"search_term_string"}}],"inLanguage":"ca"},{"@type":"Organization","@id":"https:\/\/www.teixidors.com\/ca\/#organization","name":"Teixidors","url":"https:\/\/www.teixidors.com\/ca\/","logo":{"@type":"ImageObject","inLanguage":"ca","@id":"https:\/\/www.teixidors.com\/ca\/#\/schema\/logo\/image\/","url":"https:\/\/www.teixidors.com\/wp-content\/uploads\/2021\/08\/logo-mobile.svg","contentUrl":"https:\/\/www.teixidors.com\/wp-content\/uploads\/2021\/08\/logo-mobile.svg","width":60,"height":84,"caption":"Teixidors"},"image":{"@id":"https:\/\/www.teixidors.com\/ca\/#\/schema\/logo\/image\/"},"sameAs":["http:\/\/www.facebook.com\/pages\/Teixidors\/195936563785628","https:\/\/x.com\/teixidors","http:\/\/www.pinterest.com\/teixidors\/","https:\/\/www.instagram.com\/teixidors\/"]}]}},"_links":{"self":[{"href":"https:\/\/www.teixidors.com\/ca\/wp-json\/wp\/v2\/product\/13388","targetHints":{"allow":["GET"]}}],"collection":[{"href":"https:\/\/www.teixidors.com\/ca\/wp-json\/wp\/v2\/product"}],"about":[{"href":"https:\/\/www.teixidors.com\/ca\/wp-json\/wp\/v2\/types\/product"}],"wp:featuredmedia":[{"embeddable":true,"href":"https:\/\/www.teixidors.com\/ca\/wp-json\/wp\/v2\/media\/13173"}],"wp:attachment":[{"href":"https:\/\/www.teixidors.com\/ca\/wp-json\/wp\/v2\/media?parent=13388"}],"wp:term":[{"taxonomy":"product_cat","embeddable":true,"href":"https:\/\/www.teixidors.com\/ca\/wp-json\/wp\/v2\/product_cat?post=13388"},{"taxonomy":"product_tag","embeddable":true,"href":"https:\/\/www.teixidors.com\/ca\/wp-json\/wp\/v2\/product_tag?post=13388"}],"curies":[{"name":"wp","href":"https:\/\/api.w.org\/{rel}","templated":true}]}}

Set Viatge Nòmada

<!-- This site is optimized with the Yoast SEO plugin v27.4 - https://yoast.com/product/yoast-seo-wordpress/ -->
<title>Set Viatge Nòmada Xal de disseny baby iac i ventall segell AFE - Teixidors</title>
<meta name="description" content="El Set Viatge Nòmada de Teixidors inclou un xal artesanal de llana merina i baby iac un ventall artesanal de Ràfega amb segell d’Abanico Español Artesano. Elegància i funcionalitat en un pack atemporal." />
<meta name="robots" content="index, follow, max-snippet:-1, max-image-preview:large, max-video-preview:-1" />
<link rel="canonical" href="https://www.teixidors.com/ca/producte/set-viatge-nomada-xal-artesanal-llana-merina-abanico-artesanal/" />
<meta property="og:locale" content="ca_ES" />
<meta property="og:type" content="article" />
<meta property="og:title" content="Set Viatge Nòmada Xal de disseny baby iac i ventall segell AFE - Teixidors" />
<meta property="og:description" content="El Set Viatge Nòmada de Teixidors inclou un xal artesanal de llana merina i baby iac un ventall artesanal de Ràfega amb segell d’Abanico Español Artesano. Elegància i funcionalitat en un pack atemporal." />
<meta property="og:url" content="https://www.teixidors.com/ca/producte/set-viatge-nomada-xal-artesanal-llana-merina-abanico-artesanal/" />
<meta property="og:site_name" content="Teixidors" />
<meta property="article:publisher" content="http://www.facebook.com/pages/Teixidors/195936563785628" />
<meta property="article:modified_time" content="2025-11-06T16:22:21+00:00" />
<meta property="og:image" content="https://www.teixidors.com/wp-content/uploads/2025/10/Set-Nomade-Chal-artesanal-Teixidors-y-abanico-madera-Rafega.webp" />
	<meta property="og:image:width" content="1181" />
	<meta property="og:image:height" content="1772" />
	<meta property="og:image:type" content="image/webp" />
<script type="application/ld+json" class="yoast-schema-graph">{"@context":"https:\/\/schema.org","@graph":[{"@type":["WebPage","ItemPage"],"@id":"https:\/\/www.teixidors.com\/ca\/producte\/set-viatge-nomada-xal-artesanal-llana-merina-abanico-artesanal\/","url":"https:\/\/www.teixidors.com\/ca\/producte\/set-viatge-nomada-xal-artesanal-llana-merina-abanico-artesanal\/","name":"Set Viatge Nòmada Xal de disseny baby iac i ventall segell AFE - Teixidors","isPartOf":{"@id":"https:\/\/www.teixidors.com\/ca\/#website"},"primaryImageOfPage":{"@id":"https:\/\/www.teixidors.com\/ca\/producte\/set-viatge-nomada-xal-artesanal-llana-merina-abanico-artesanal\/#primaryimage"},"image":{"@id":"https:\/\/www.teixidors.com\/ca\/producte\/set-viatge-nomada-xal-artesanal-llana-merina-abanico-artesanal\/#primaryimage"},"thumbnailUrl":"https:\/\/www.teixidors.com\/wp-content\/uploads\/2025\/10\/Set-Nomade-Chal-artesanal-Teixidors-y-abanico-madera-Rafega.webp","datePublished":"2025-10-24T10:36:48+00:00","dateModified":"2025-11-06T16:22:21+00:00","description":"El Set Viatge Nòmada de Teixidors inclou un xal artesanal de llana merina i baby iac un ventall artesanal de Ràfega amb segell d’Abanico Español Artesano. Elegància i funcionalitat en un pack atemporal.","breadcrumb":{"@id":"https:\/\/www.teixidors.com\/ca\/producte\/set-viatge-nomada-xal-artesanal-llana-merina-abanico-artesanal\/#breadcrumb"},"inLanguage":"ca","potentialAction":[{"@type":"ReadAction","target":["https:\/\/www.teixidors.com\/ca\/producte\/set-viatge-nomada-xal-artesanal-llana-merina-abanico-artesanal\/"]}]},{"@type":"ImageObject","inLanguage":"ca","@id":"https:\/\/www.teixidors.com\/ca\/producte\/set-viatge-nomada-xal-artesanal-llana-merina-abanico-artesanal\/#primaryimage","url":"https:\/\/www.teixidors.com\/wp-content\/uploads\/2025\/10\/Set-Nomade-Chal-artesanal-Teixidors-y-abanico-madera-Rafega.webp","contentUrl":"https:\/\/www.teixidors.com\/wp-content\/uploads\/2025\/10\/Set-Nomade-Chal-artesanal-Teixidors-y-abanico-madera-Rafega.webp","width":1181,"height":1772,"caption":"Set Nomade Chal artesanal Teixidors y abanico madera Rafega"},{"@type":"BreadcrumbList","@id":"https:\/\/www.teixidors.com\/ca\/producte\/set-viatge-nomada-xal-artesanal-llana-merina-abanico-artesanal\/#breadcrumb","itemListElement":[{"@type":"ListItem","position":1,"name":"Home","item":"https:\/\/www.teixidors.com\/ca\/"},{"@type":"ListItem","position":2,"name":"Botiga","item":"https:\/\/www.teixidors.com\/tienda\/?lang=ca"},{"@type":"ListItem","position":3,"name":"Set Viatge Nòmada"}]},{"@type":"WebSite","@id":"https:\/\/www.teixidors.com\/ca\/#website","url":"https:\/\/www.teixidors.com\/ca\/","name":"Teixidors","description":"Craftmanship fabrics since 1983 | Taller alta artesanía desde 1983","publisher":{"@id":"https:\/\/www.teixidors.com\/ca\/#organization"},"alternateName":"Teixidors craftmanship fabrics since 1983","potentialAction":[{"@type":"SearchAction","target":{"@type":"EntryPoint","urlTemplate":"https:\/\/www.teixidors.com\/ca\/?s={search_term_string}"},"query-input":{"@type":"PropertyValueSpecification","valueRequired":true,"valueName":"search_term_string"}}],"inLanguage":"ca"},{"@type":"Organization","@id":"https:\/\/www.teixidors.com\/ca\/#organization","name":"Teixidors","url":"https:\/\/www.teixidors.com\/ca\/","logo":{"@type":"ImageObject","inLanguage":"ca","@id":"https:\/\/www.teixidors.com\/ca\/#\/schema\/logo\/image\/","url":"https:\/\/www.teixidors.com\/wp-content\/uploads\/2021\/08\/logo-mobile.svg","contentUrl":"https:\/\/www.teixidors.com\/wp-content\/uploads\/2021\/08\/logo-mobile.svg","width":60,"height":84,"caption":"Teixidors"},"image":{"@id":"https:\/\/www.teixidors.com\/ca\/#\/schema\/logo\/image\/"},"sameAs":["http:\/\/www.facebook.com\/pages\/Teixidors\/195936563785628","https:\/\/x.com\/teixidors","http:\/\/www.pinterest.com\/teixidors\/","https:\/\/www.instagram.com\/teixidors\/"]}]}</script>
<!-- / Yoast SEO plugin. -->

Set Viatge Nòmada Xal de disseny baby iac i ventall segell AFE - Teixidors

El Set Viatge Nòmada de Teixidors inclou un xal artesanal de llana merina i baby iac un ventall artesanal de Ràfega amb segell d’Abanico Español Artesano. Elegància i funcionalitat en un pack atemporal.

Craftmanship fabrics since 1983 | Taller alta artesanía desde 1983
